at is k(j)?
7
Suppose 20*z = 15*z + 40. Suppose -9*o + z*o = -6. Suppose o*x - 9*x = 18. Let n(w) = -w**3 - 5*w**2 + 4*w + 8. What is n(x)?
20
Let r = 29 + -20. Let l = r - 9. Suppose 0 = -4*i + 4*s - 28, l*s + 7 = -i + 2*s. Let c(u) = -u**3 - 8*u**2 - 8*u - 4. What is c(i)?
3
Let j(s) be the third derivative of s**4/24 + 2*s**3/3 - 26*s**2. Let b(r) = -5. Let i(n) = -4*b(n) - 3*j(n). Give i(6).
-10
Let o be 1 - -3 - (-2 - 0). Let q(c) = 7*c**2 - 5*c**2 - 3*c**2 + o*c**2 - 5*c + c**3 + 8. Let n = 6 + -12. Give q(n).
2
Let d(j) = -2*j - 11. Let g be d(5). Let u = g + 25. Let m(r) = 4*r + 1. Give m(u).
17
Suppose -517 + 493 = 4*b. Let l(r) = -r - 5. What is l(b)?
1
Let w(t) be the first derivative of t**2/2 + 5*t + 378. Suppose 3*b = -0*b + 5*s - 15, 3*s + 20 = -4*b. What is w(b)?
0
Let g be 6*4/168 + 16/(-14). Let v(i) = -5*i + 1. What is v(g)?
6
Suppose -5*d - 144 = -4*n + 93, -5*n + 5*d + 290 = 0. Let j(t) = 6 - t**3 - n*t**2 - 54*t**2 + 113*t**2. Calculate j(6).
6
Let l(z) = z**2 + 16*z - 47. Let y be l(-19). Let p(h) = h**2 - 9*h - 12. Determine p(y).
-2
Suppose -3*y + 34 = n, -3*n + 29 = 2*y - 59. Suppose -80*u = -84*u - n. Let d(t) = -t - 5. Give d(u).
2
Suppose 2*z = o - 35, -6 - 9 = 3*o. Let x = 26 + z. Let d(i) = -i + 2. Give d(x).
-4
Let s be -1*0/(3 + -4). Suppose s = 3*z - 2 - 4. Let c(h) = -3 - h + 3 - 2 + z*h. Calculate c(-3).
-5
Let g(y) = -2*y + 5. Let u(t) = t + 12. Let v be u(-10). Let x be (-2 + (1 - 0))*-4. Let a = v + x. Calculate g(a).
-7
Suppose -t + 5*z + 19 = 0, 0*t - t = 5*z + 11. Let w = -3 + 7. Let r(h) = -7 - h**3 + w*h**2 + 13 - 9. What is r(t)?
-3
Let a(j) be the first derivative of j**2/2 + 2*j - 169. Calculate a(9).
11
Let t(p) = p**2 + 4*p - 2. Let m be -8*1 + (10 - 7). Let o = m - -1. What is t(o)?
-2
Suppose -7 = -9*w + 38. Let z(m) be the second derivative of -m**3/6 - m**2 + m. Calculate z(w).
-7
Let z(d) = -15 + 2*d + 11 - 11 - 1 - 22. Calculate z(18).
-2
Let b(o) = 12 - 5 - 6*o + 4*o**2 - 11 - 4. Let n(s) = -5*s**2 + 7*s + 9. Let w(d) = 2*d + 2. Let y be w(-4). Let m(q) = y*b(q) - 5*n(q). Give m(0).
3
Let n(b) = -2*b - 7. Let a(k) = 3*k + 19. Let z(w) = -w - 1. Let v(i) = a(i) - 2*z(i). Let t(o) = -8*n(o) - 3*v(o). Calculate t(0).
-7
Suppose -24*a = 20*a + 176. Let p(k) = -3*k**2 - 12*k + 1. What is p(a)?
1
Let v(u) = -u**2 + u. Let c(y) = -2*y**2 - 6*y - 7. Let r(g) = -c(g) + 3*v(g). Let j(s) = 14*s - 4. Let w be j(1). Calculate r(w).
-3
Let s(z) = -5*z**2 + z + 1. Let a(o) = 4*o**2 - 2*o - 1. Let g(y) = -3*a(y) - 4*s(y). Give g(1).
9
Let u(c) = 7*c**3 - 16*c**2 + 25*c - 17. Let b(h) = -h**3 + h**2 - 3*h + 1. Let i(p) = 6*b(p) + u(p). Calculate i(9).
-29
Let d(w) = -22*w - 6. Let y(n) = 25*n + 7. Let v(l) = -7*d(l) - 6*y(l). Calculate v(2).
8
Let q(n) = -7*n. Suppose 0 = 5*r + l + 2*l - 77, 57 = 5*r - 2*l. Let t = r + -11. Determine q(t).
-14
Let q(z) = -16*z - 21. Let m(x) = -62*x - 83. Let b(a) = -4*m(a) + 15*q(a). Give b(-3).
-7
Let p(l) = l**2 - 8*l - 3. Let q = 1470 - 1460. Determine p(q).
17
Let z(c) be the third derivative of 5*c**4/24 + c**3/6 - 14*c**2 - 5. Determine z(2).
11
Let z be 0/3 - (0 + 0). Let y(q) = -12*q - 17. Let k be y(-3). Let c(t) = 20 - t + 0*t - k. What is c(z)?
1
Let k(x) = 3*x - 11. Let q(b) = -8*b + 32. Let y(p) = -11*k(p) - 4*q(p). Determine y(5).
-12
Suppose -3*s - 9 = 3*w, 4*s - 3*w - 14 = 2. Suppose -5*l - a - 25 = 0, 3 = -4*l + 5*a - 17. Let k = l + s. Let n(o) = o. Determine n(k).
-4
Suppose -3*p + 14 = 2*t, 0 = -5*p + p + 3*t + 30. Let i be (-2 + 8/2)/(1 + 0). Let w(f) = i*f + f - 5 + 3 - 3. Determine w(p).
13
Suppose 5*k = -2*p + 1, 4*p - 10 + 1 = -3*k. Let s(f) = 5*f**3 - 2*f**2 + 1. Let v be s(k). Let z(j) = -52 - 55 - 2*j - 67 + 169. Determine z(v).
7
Let u(d) = -d**2 - 2*d. Suppose 2*a = -3*a + 5*p, -5*a = 3*p - 24. Suppose 0*i - i - 8 = -q, -11 = -a*i - 4*q. Give u(i).
-3
Let n(c) = c**3 + c**2 + 2*c - 1. Let y(m) = -5*m**3 - 10*m**2 - 19*m + 15. Let a(k) = -6*n(k) - y(k). Determine a(6).
-39
Let a(q) = q**2 - 26*q - 2. Let d(w) = w**2 - 23*w - 2. Let z(g) = 5*a(g) - 6*d(g). Give z(4).
18
Let y(l) = l**3 + 2*l**2 - 2*l - 3. Let z be -3*(((-3)/(-9) - -3) + -4). Suppose -4*q - z*f = 2*f + 4, -q + f = 3. What is y(q)?
1
Let v(m) = -m**3 - 2*m**2 + 2*m. Let i(f) = 20*f + 2*f**3 - 8*f - 10*f + 3*f**2 - 5*f + 1. Let z(a) = -2*i(a) - 3*v(a). Let t be (-16)/(-36)*18/4. What is z(t)?
-10
Let n(a) = a**3 - 7*a**2 + 6*a - 8. Let i be (-4)/(-14) - (-8)/(-28). Suppose 5*m - 2*m - 23 = r, 3*r + 15 = i. Give n(m).
-8
Let m be 19/7 + (-4)/(-14). Suppose k = -f + 12, f = m*k - f - 21. Suppose 5*c - j = 3 + 2, j = -2*c + k. Let w(v) = v - 1. What is w(c)?
1
Suppose -9*j + 14 = -2*j. Let o(b) = 7*b + 149 + j*b - b**2 - 161. Determine o(8).
-4
Let z(x) = x**3 + 2*x**2 - x + 9. Suppose 0 = -13*p + 11*p - 7*p. What is z(p)?
9
Suppose 3*u = 7 - 1. Let t(g) = -5*g. Let y(b) = -11*b + 1. Suppose -2*v + 4 = -7*v - 3*x, 3*x = 2*v + 10. Let q(z) = v*y(z) + 5*t(z). Give q(u).
-8
Let c(i) = -i**2 + 2*i + 6. Suppose 6*f = -6, 0*t + 15 = 3*t + 3*f. Give c(t).
-18
Let u be (2/(-11) + 10/660)/(-4). Let t(s) be the third derivative of -u*s**4 + 0*s + s**2 + 0 + 1/6*s**3. What is t(5)?
-4
Let d(g) be the third derivative of -g**5/60 + 11*g**4/24 + 7*g**3/6 + 2*g**2 - 21*g. What is d(12)?
-5
Suppose 0 = 292*b - 1336 + 460. Let k(g) = g**3 - 5*g**2 - 4*g + 2. Let f(i) = -4*i**3 + 21*i**2 + 16*i - 7. Let d(u) = -2*f(u) - 9*k(u). Determine d(b).
8
Suppose -7 - 1 = -4*u. Let s(a) = -5*a**2 + 2 - 9 - 4 + 4*a**u + a. What is s(0)?
-11
Suppose 0 = -3*j - 2*j. Let b(u) = u**2. Let n(l) = -l**2 + 3*l. Let w be n(4). Let f(k) = 3*k**2 + k. Let x(i) = w*b(i) + f(i). Determine x(j).
0
Let r(m) = -8*m + 22. Let n(y) = -2*y + 5. Let l(d) = -15*n(d) + 4*r(d). Calculate l(6).
1
Let u(k) = -5 - k - 1 + 3 - 4 - 5. Give u(-7).
-5
Let r(w) = 38*w**3 + 20*w**2 + 13*w - 17. Let y(i) = -17*i**3 - 9*i**2 - 6*i + 8. Let l(f) = -4*r(f) - 9*y(f). What is l(-3)?
-28
Let j(q) = q**3 + 4*q**2 + 4*q + 6. Let y be j(-3). Let c(u) = 8*u + 3*u**2 - 5*u**2 - 2 + y*u**2. Calculate c(-7).
-9
Let s(a) = 2*a - 1. Let p be s(2). Suppose -24 = -p*q - 33. Let c(n) = -n**3 - 2*n**2 + n + 1. Give c(q).
7
Let u(d) be the third derivative of -d**5/60 + d**4/8 + 4*d**3/3 + 243*d**2. Calculate u(4).
4
Let h(y) = 2*y**2 + 4. Let o be h(3). Let r(c) = 9*c**2 - 6*c + 6 + 17*c**2 - o*c**2 + c**3. What is r(-5)?
11
Suppose -d - 6 = 11*i - 12*i, i - 2*d - 5 = 0. Let z(b) = -b**3 + 7*b**2 - 2*b + 14. Give z(i).
0
Let s(i) be the second derivative of i**3/6 - i**2/2 - 2*i. Let w = 14 - 10. Suppose -w*g = g. Give s(g).
-1
Let v = -88 - -84. Let p(n) = -n**3 - n**2 + 3*n - 2. Calculate p(v).
34
Suppose 0 = -5*t - 18 - 2. Let a(j) be the second derivative of -j**5/20 - j**4/3 + j**3/3 + 5*j**2/2 - 6*j. Calculate a(t).
-3
Let j = 97 - 91. Let v(g) = -74*g + j + 76*g - 7. Give v(2).
3
Let v(s) = -5*s**2 - 4*s + 9. Let a(q) = 11*q**2 + 8*q - 19. Let d(z) = 6*a(z) + 13*v(z). Let y be d(3). Let p(k) = 0*k + y*k - 2*k + 3*k. Determine p(3).
3
Let h be (-4)/3*9/2. Let s(x) = 33*x - 26*x - 5 + 4 + 5 - 6*x. What is s(h)?
-2
Let l(i) = 5*i**3 - 5*i**2 + 6*i - 3. Let j(d) = -d**3 - d + 1. Let w = 106 + -100. Let k(n) = w*j(n) + l(n). Determine k(-5).
3
Suppose -5*y + 33 = -2*q - 14, 0 = q - 3*y + 26. Let z(x) = 5*x. Calculate z(q).
-55
Let n(q) = -3*q**3 - 47*q**2 - 68*q + 22. Let m(y) = y**3 + 16*y**2 + 24*y - 7. Let l(c) = 11*m(c) + 4*n(c). Calculate l(-11).
-22
Let r(p) = -2*p - 4. Let a(c) = -c. Let t(x) = 3*a(x) - r(x). Let z be (-4 + 1)*(-14)/(-6) - -11. Determine t(z).
0
Let u(i) = -i**3 + 8*i**2 - 6*i + 2. Suppose 6*m + 0*m = 36. Give u(m).
38
Suppose -5*p + 2*z = -235, 3*z = -5*p + 7*z + 245. Suppose -2*i - p = 7*i. Let d(y) = -2*y**2 - 6*y + 3. Give d(i).
-17
Let z(l) = -l**3 + 8*l**2 + 6. Suppose c - q + 12 = 4*c, c - 5*q = 4. Suppose 2*j + 12 = -c*s + 32, s = -j + 9. Give z(j).
6
Suppose 4*w - 4 = -4*z - 24, -4*w = -2*z - 10. Suppose -2*m + w*m = 0. Let i(j) = -j**2 + 5*j + 12. Let d(h) = -h - 1. Let q(c) = 6*d(c) + i(c). What is q(m)?
6
Let u = 7 - 0. Let i(a) = -a**2 + 8*a - 5. Let s be i(u). Let w(x) = -75*x + 35*x + 3 + 37*x. What is w(s)?
-3
Suppose 4*s - 6*h - 2 = -4*h, -5*s = 4*h + 4. Let c(i) = -7*i**3 + i**2 - 10. Let y(r) = -r**2 + 3 + 6*r*